{"version":"1.0","provider_name":"blog.ccc.eu\/sk","provider_url":"https:\/\/blog.ccc.eu\/sk","author_name":"Zuzka Feriancov\u00e1","author_url":"https:\/\/blog.ccc.eu\/sk\/author\/marlena-celinska\/","title":"Adventn\u00fd kalend\u00e1r \u2013 upratovanie \u0161atn\u00edka pod\u013ea Marie Kondo - blog.ccc.eu\/sk","type":"rich","width":600,"height":338,"html":"<blockquote class=\"wp-embedded-content\" data-secret=\"nmd0eZ7y2c\"><a href=\"https:\/\/blog.ccc.eu\/sk\/adventny-kalendar-upratovanie-satnika-podla-marie-kondo\/\">Adventn\u00fd kalend\u00e1r \u2013 upratovanie \u0161atn\u00edka pod\u013ea Marie Kondo<\/a><\/blockquote><iframe sandbox=\"allow-scripts\" security=\"restricted\" src=\"https:\/\/blog.ccc.eu\/sk\/adventny-kalendar-upratovanie-satnika-podla-marie-kondo\/embed\/#?secret=nmd0eZ7y2c\" width=\"600\" height=\"338\" title=\"&#8220;Adventn\u00fd kalend\u00e1r \u2013 upratovanie \u0161atn\u00edka pod\u013ea Marie Kondo&#8221; &#8212; blog.ccc.eu\/sk\" data-secret=\"nmd0eZ7y2c\" frameborder=\"0\" marginwidth=\"0\" marginheight=\"0\" scrolling=\"no\" class=\"wp-embedded-content\"><\/iframe><script type=\"text\/javascript\">\n\/* <![CDATA[ *\/\n\/*! This file is auto-generated *\/\n!function(d,l){\"use strict\";l.querySelector&&d.addEventListener&&\"undefined\"!=typeof URL&&(d.wp=d.wp||{},d.wp.receiveEmbedMessage||(d.wp.receiveEmbedMessage=function(e){var t=e.data;if((t||t.secret||t.message||t.value)&&!\/[^a-zA-Z0-9]\/.test(t.secret)){for(var s,r,n,a=l.querySelectorAll('iframe[data-secret=\"'+t.secret+'\"]'),o=l.querySelectorAll('blockquote[data-secret=\"'+t.secret+'\"]'),c=new RegExp(\"^https?:$\",\"i\"),i=0;i<o.length;i++)o[i].style.display=\"none\";for(i=0;i<a.length;i++)s=a[i],e.source===s.contentWindow&&(s.removeAttribute(\"style\"),\"height\"===t.message?(1e3<(r=parseInt(t.value,10))?r=1e3:~~r<200&&(r=200),s.height=r):\"link\"===t.message&&(r=new URL(s.getAttribute(\"src\")),n=new URL(t.value),c.test(n.protocol))&&n.host===r.host&&l.activeElement===s&&(d.top.location.href=t.value))}},d.addEventListener(\"message\",d.wp.receiveEmbedMessage,!1),l.addEventListener(\"DOMContentLoaded\",function(){for(var e,t,s=l.querySelectorAll(\"iframe.wp-embedded-content\"),r=0;r<s.length;r++)(t=(e=s[r]).getAttribute(\"data-secret\"))||(t=Math.random().toString(36).substring(2,12),e.src+=\"#?secret=\"+t,e.setAttribute(\"data-secret\",t)),e.contentWindow.postMessage({message:\"ready\",secret:t},\"*\")},!1)))}(window,document);\n\/\/# sourceURL=https:\/\/blog.ccc.eu\/sk\/wp-includes\/js\/wp-embed.min.js\n\/* ]]> *\/\n<\/script>\n","thumbnail_url":"https:\/\/blog.ccc.eu\/sk\/wp-content\/uploads\/2021\/12\/pexels-sarah-chai-7282447.jpg","thumbnail_width":1000,"thumbnail_height":1500,"description":"V niektor\u00fdch oblastiach u\u017e napadol prv\u00fd sneh a mnoh\u00fdch \u013eud\u00ed u\u017e\u00a0prepadla\u00a0vesel\u00e1 viano\u010dn\u00e1 n\u00e1lada. Aj vy milujete t\u00fa ka\u017edoro\u010dn\u00fa \u010darovn\u00fa atmosf\u00e9ru, tradi\u010dn\u00e9 viano\u010dn\u00e9 piesne, dekor\u00e1cie, v\u00f4\u0148u\u00a0mandariniek, chutn\u00e9 jedlo a jedine\u010dn\u00e9 momenty s rodinou? Vianoce sa bl\u00ed\u017eia nezadr\u017eate\u013enou r\u00fdchlos\u0165ou a teraz je ide\u00e1lny \u010das sa na\u00a0ne\u00a0pripravi\u0165. Okrem nakupovania\u00a0dar\u010dekov\u00a0\u010di pr\u00edpravy\u00a0medovn\u00ed\u010dkov\u00a0a lineck\u00e9ho pe\u010diva v\u00e1s \u010dak\u00e1 aj menej ob\u013e\u00faben\u00e1 \u010dinnos\u0165 -\u00a0predviano\u010dn\u00e9 upratovanie."}

Zuzka Feriancová

Adventný kalendár – upratovanie šatníka podľa Marie Kondo - blog.ccc.eu/sk

<blockquote class="wp-embedded-content" data-secret="nmd0eZ7y2c"><a href="https://blog.ccc.eu/sk/adventny-kalendar-upratovanie-satnika-podla-marie-kondo/">Adventný kalendár – upratovanie šatníka podľa Marie Kondo</a></blockquote><iframe sandbox="allow-scripts" security="restricted" src="https://blog.ccc.eu/sk/adventny-kalendar-upratovanie-satnika-podla-marie-kondo/embed/#?secret=nmd0eZ7y2c" width="600" height="338" title="&#8220;Adventný kalendár – upratovanie šatníka podľa Marie Kondo&#8221; &#8212; blog.ccc.eu/sk" data-secret="nmd0eZ7y2c" frameborder="0" marginwidth="0" marginheight="0" scrolling="no" class="wp-embedded-content"></iframe><script type="text/javascript">
/* <![CDATA[ */
/*! This file is auto-generated */
!function(d,l){"use strict";l.querySelector&&d.addEventListener&&"undefined"!=typeof URL&&(d.wp=d.wp||{},d.wp.receiveEmbedMessage||(d.wp.receiveEmbedMessage=function(e){var t=e.data;if((t||t.secret||t.message||t.value)&&!/[^a-zA-Z0-9]/.test(t.secret)){for(var s,r,n,a=l.querySelectorAll('iframe[data-secret="'+t.secret+'"]'),o=l.querySelectorAll('blockquote[data-secret="'+t.secret+'"]'),c=new RegExp("^https?:$","i"),i=0;i<o.length;i++)o[i].style.display="none";for(i=0;i<a.length;i++)s=a[i],e.source===s.contentWindow&&(s.removeAttribute("style"),"height"===t.message?(1e3<(r=parseInt(t.value,10))?r=1e3:~~r<200&&(r=200),s.height=r):"link"===t.message&&(r=new URL(s.getAttribute("src")),n=new URL(t.value),c.test(n.protocol))&&n.host===r.host&&l.activeElement===s&&(d.top.location.href=t.value))}},d.addEventListener("message",d.wp.receiveEmbedMessage,!1),l.addEventListener("DOMContentLoaded",function(){for(var e,t,s=l.querySelectorAll("iframe.wp-embedded-content"),r=0;r<s.length;r++)(t=(e=s[r]).getAttribute("data-secret"))||(t=Math.random().toString(36).substring(2,12),e.src+="#?secret="+t,e.setAttribute("data-secret",t)),e.contentWindow.postMessage({message:"ready",secret:t},"*")},!1)))}(window,document);
//# sourceURL=https://blog.ccc.eu/sk/wp-includes/js/wp-embed.min.js
/* ]]> */
</script>

V niektorých oblastiach už napadol prvý sneh a mnohých ľudí už prepadla veselá vianočná nálada. Aj vy milujete tú každoročnú čarovnú atmosféru, tradičné vianočné piesne, dekorácie, vôňu mandariniek, chutné jedlo a jedinečné momenty s rodinou? Vianoce sa blížia nezadržateľnou rýchlosťou a teraz je ideálny čas sa na ne pripraviť. Okrem nakupovania darčekov či prípravy medovníčkov a lineckého pečiva vás čaká aj menej obľúbená činnosť - predvianočné upratovanie.
